{"id":37423,"date":"2021-05-18T06:11:33","date_gmt":"2021-05-18T04:11:33","guid":{"rendered":"https:\/\/prestige-e.com\/product\/cravate-7-maillon\/"},"modified":"2025-11-27T13:27:08","modified_gmt":"2025-11-27T12:27:08","slug":"cravate-7-maillon","status":"publish","type":"product","link":"https:\/\/prestige-e.com\/fr\/produit\/cravate-7-maillon\/","title":{"rendered":"Cravate 7 maillon"},"content":{"rendered":"","protected":false},"excerpt":{"rendered":"<div class=\"lv-product-features\">\n<div class=\"lv-expandable-panel -minimal-height\">\n<div id=\"read-more\" class=\"lv-expandable-panel__content\" aria-hidden=\"false\">\n<div class=\"lv-product-features\">\n<div class=\"lv-expandable-panel -minimal-height\">\n<div id=\"read-more\" class=\"lv-expandable-panel__content\" aria-hidden=\"false\">\n<div class=\"lv-product-features\">\n<div class=\"lv-expandable-panel -minimal-height\">\n<div id=\"read-more\" class=\"lv-expandable-panel__content\" aria-hidden=\"false\">\n<div class=\"lv-product-features\">\n<div class=\"lv-expandable-panel -minimal-height\">\n<div id=\"read-more\" class=\"lv-expandable-panel__content\" aria-hidden=\"false\">\n<div class=\"lv-expandable-panel -minimal-height\">\n<div id=\"read-more\" class=\"lv-expandable-panel__content\" aria-hidden=\"false\">\n<div class=\"lv-product-description\">\n<div class=\"lv-expandable-panel -minimal-height\">\n<div id=\"read-more\" class=\"lv-expandable-panel__content\" aria-hidden=\"false\">\n<div class=\"lv-expandable-panel -minimal-height\">\n<div id=\"read-more\" class=\"lv-expandable-panel__content\" aria-hidden=\"false\">\n<div class=\"lv-expandable-panel -minimal-height\">\n<div class=\"product-meet-family\">\n<p class=\"product-attribute-font-description\">Cravate en twill de soie cousu main (100 % soie)<\/p>\n<p>Un H est cach\u00e9 dans le maillon !<\/p>\n<p>Fabriqu\u00e9 en France<\/p>\n<p class=\"product-attribute-font-description ng-star-inserted\">Dessin\u00e9 par Philippe Mouquet<\/p>\n<p class=\"product-attribute-font-description ng-star-inserted\">7 cm de large<\/p>\n<p><strong><br \/>\nSi vous \u00eates int\u00e9ress\u00e9 par d&rsquo;autres produits Herm\u00e8s, n&rsquo;h\u00e9sitez pas \u00e0 nous le faire savoir.<\/strong><\/p>\n<\/div>\n<\/div>\n<\/div>\n<\/div>\n<\/div>\n<\/div>\n<\/div>\n<\/div>\n<\/div>\n<\/div>\n<\/div>\n<\/div>\n<\/div>\n<\/div>\n<\/div>\n<\/div>\n<\/div>\n<\/div>\n<\/div>\n<\/div>\n<\/div>\n","protected":false},"featured_media":37424,"comment_status":"closed","ping_status":"closed","template":"","meta":{"inline_featured_image":false},"product_brand":[],"product_cat":[195,192],"product_tag":[],"class_list":{"0":"post-37423","1":"product","2":"type-product","3":"status-publish","4":"has-post-thumbnail","6":"product_cat-cravates","7":"product_cat-hermes","9":"first","10":"instock","11":"shipping-taxable","12":"purchasable","13":"product-type-simple"},"aioseo_notices":[],"_links":{"self":[{"href":"https:\/\/prestige-e.com\/fr\/wp-json\/wp\/v2\/product\/37423","targetHints":{"allow":["GET"]}}],"collection":[{"href":"https:\/\/prestige-e.com\/fr\/wp-json\/wp\/v2\/product"}],"about":[{"href":"https:\/\/prestige-e.com\/fr\/wp-json\/wp\/v2\/types\/product"}],"replies":[{"embeddable":true,"href":"https:\/\/prestige-e.com\/fr\/wp-json\/wp\/v2\/comments?post=37423"}],"wp:featuredmedia":[{"embeddable":true,"href":"https:\/\/prestige-e.com\/fr\/wp-json\/wp\/v2\/media\/37424"}],"wp:attachment":[{"href":"https:\/\/prestige-e.com\/fr\/wp-json\/wp\/v2\/media?parent=37423"}],"wp:term":[{"taxonomy":"product_brand","embeddable":true,"href":"https:\/\/prestige-e.com\/fr\/wp-json\/wp\/v2\/product_brand?post=37423"},{"taxonomy":"product_cat","embeddable":true,"href":"https:\/\/prestige-e.com\/fr\/wp-json\/wp\/v2\/product_cat?post=37423"},{"taxonomy":"product_tag","embeddable":true,"href":"https:\/\/prestige-e.com\/fr\/wp-json\/wp\/v2\/product_tag?post=37423"}],"curies":[{"name":"wp","href":"https:\/\/api.w.org\/{rel}","templated":true}]}}

<div class="lv-product-features">
<div class="lv-expandable-panel -minimal-height">
<div id="read-more" class="lv-expandable-panel__content" aria-hidden="false">
<div class="lv-product-features">
<div class="lv-expandable-panel -minimal-height">
<div id="read-more" class="lv-expandable-panel__content" aria-hidden="false">
<div class="lv-product-features">
<div class="lv-expandable-panel -minimal-height">
<div id="read-more" class="lv-expandable-panel__content" aria-hidden="false">
<div class="lv-product-features">
<div class="lv-expandable-panel -minimal-height">
<div id="read-more" class="lv-expandable-panel__content" aria-hidden="false">
<div class="lv-expandable-panel -minimal-height">
<div id="read-more" class="lv-expandable-panel__content" aria-hidden="false">
<div class="lv-product-description">
<div class="lv-expandable-panel -minimal-height">
<div id="read-more" class="lv-expandable-panel__content" aria-hidden="false">
<div class="lv-expandable-panel -minimal-height">
<div id="read-more" class="lv-expandable-panel__content" aria-hidden="false">
<div class="lv-expandable-panel -minimal-height">
<div class="product-meet-family">
<p class="product-attribute-font-description">Cravate en twill de soie cousu main (100 % soie)</p>
<p>Un H est caché dans le maillon !</p>
<p>Fabriqué en France</p>
<p class="product-attribute-font-description ng-star-inserted">Dessiné par Philippe Mouquet</p>
<p class="product-attribute-font-description ng-star-inserted">7 cm de large</p>
<p><strong><br />
Si vous êtes intéressé par d&rsquo;autres produits Hermès, n&rsquo;hésitez pas à nous le faire savoir.</strong></p>
</div>
</div>
</div>
</div>
</div>
</div>
</div>
</div>
</div>
</div>
</div>
</div>
</div>
</div>
</div>
</div>
</div>
</div>
</div>
</div>
</div>
